{"id":11256,"date":"2025-08-31T04:07:59","date_gmt":"2025-08-30T20:07:59","guid":{"rendered":"https:\/\/zv.carbonpix.com\/?post_type=product&#038;p=11256"},"modified":"2025-09-23T12:16:57","modified_gmt":"2025-09-23T04:16:57","slug":"canape-modulable-kas","status":"publish","type":"product","link":"https:\/\/z-v.fr\/fr\/produit\/canape-modulable-kas","title":{"rendered":"Canap\u00e9 modulable &#8211; Kas"},"content":{"rendered":"<p><strong>Personnalisez-le selon votre style gr\u00e2ce \u00e0 ces diff\u00e9rentes finitions :<\/strong><\/p>\n<ul>\n<li>Des centaines de tissus disponibles dans une large vari\u00e9t\u00e9 de couleurs,<\/li>\n<li>Mat\u00e9riaux mixtes disponibles,<\/li>\n<li>Fabrication sur mesure selon vos dimensions.<\/li>\n<\/ul>\n<p><strong>Et configurez-le selon vos fonctionnalit\u00e9s souhait\u00e9es :<\/strong><\/p>\n<ul>\n<li>Nombre de places assises selon vos besoins,<\/li>\n<li>Tables basses et d\u2019appoint,<\/li>\n<li>Prises d\u2019alimentation et de donn\u00e9es,<\/li>\n<li>Pieds en mat\u00e9riaux vari\u00e9s,<\/li>\n<li>Compatible avec roulettes.<\/li>\n<\/ul>\n","protected":false},"excerpt":{"rendered":"<p><strong>Kas est un canap\u00e9 modulable enti\u00e8rement personnalisable, avec de multiples composants offrant modularit\u00e9 et flexibilit\u00e9 pour s\u2019adapter parfaitement \u00e0 votre espace de travail.\u00a0<\/strong><\/p>\n<p>Compos\u00e9 de diff\u00e9rents \u00e9l\u00e9ments pouvant \u00eatre assembl\u00e9s, son dossier bas ou haut et ses coussins de tailles vari\u00e9es peuvent \u00eatre s\u00e9lectionn\u00e9s pour cr\u00e9er votre propre configuration sur mesure.<\/p>\n<p>Standardis\u00e9, il peut \u00e9voluer dans le temps tout en garantissant une compatibilit\u00e9 totale entre l\u2019ensemble de ses composants.<\/p>\n","protected":false},"featured_media":4195,"template":"","meta":[],"product_brand":[],"product_cat":[1270,1279],"product_tag":[],"class_list":{"0":"post-11256","1":"product","2":"type-product","3":"status-publish","4":"has-post-thumbnail","6":"product_cat-mobilier","7":"product_cat-systeme-dassise-modulable","10":"first","11":"instock","12":"shipping-taxable","13":"product-type-simple"},"aioseo_notices":[],"_links":{"self":[{"href":"https:\/\/z-v.fr\/fr\/wp-json\/wp\/v2\/product\/11256","targetHints":{"allow":["GET"]}}],"collection":[{"href":"https:\/\/z-v.fr\/fr\/wp-json\/wp\/v2\/product"}],"about":[{"href":"https:\/\/z-v.fr\/fr\/wp-json\/wp\/v2\/types\/product"}],"wp:featuredmedia":[{"embeddable":true,"href":"https:\/\/z-v.fr\/fr\/wp-json\/wp\/v2\/media\/4195"}],"wp:attachment":[{"href":"https:\/\/z-v.fr\/fr\/wp-json\/wp\/v2\/media?parent=11256"}],"wp:term":[{"taxonomy":"product_brand","embeddable":true,"href":"https:\/\/z-v.fr\/fr\/wp-json\/wp\/v2\/product_brand?post=11256"},{"taxonomy":"product_cat","embeddable":true,"href":"https:\/\/z-v.fr\/fr\/wp-json\/wp\/v2\/product_cat?post=11256"},{"taxonomy":"product_tag","embeddable":true,"href":"https:\/\/z-v.fr\/fr\/wp-json\/wp\/v2\/product_tag?post=11256"}],"curies":[{"name":"wp","href":"https:\/\/api.w.org\/{rel}","templated":true}]}}

Canapé modulable &#8211; Kas

<p><strong>Personnalisez-le selon votre style grâce à ces différentes finitions :</strong></p>
<ul>
<li>Des centaines de tissus disponibles dans une large variété de couleurs,</li>
<li>Matériaux mixtes disponibles,</li>
<li>Fabrication sur mesure selon vos dimensions.</li>
</ul>
<p><strong>Et configurez-le selon vos fonctionnalités souhaitées :</strong></p>
<ul>
<li>Nombre de places assises selon vos besoins,</li>
<li>Tables basses et d’appoint,</li>
<li>Prises d’alimentation et de données,</li>
<li>Pieds en matériaux variés,</li>
<li>Compatible avec roulettes.</li>
</ul>

<p><strong>Kas est un canapé modulable entièrement personnalisable, avec de multiples composants offrant modularité et flexibilité pour s’adapter parfaitement à votre espace de travail. </strong></p>
<p>Composé de différents éléments pouvant être assemblés, son dossier bas ou haut et ses coussins de tailles variées peuvent être sélectionnés pour créer votre propre configuration sur mesure.</p>
<p>Standardisé, il peut évoluer dans le temps tout en garantissant une compatibilité totale entre l’ensemble de ses composants.</p>
